{"id":2219,"date":"2018-09-04T03:44:00","date_gmt":"2018-09-04T01:44:00","guid":{"rendered":"https:\/\/jania.org\/web\/?page_id=2219"},"modified":"2018-09-04T07:29:02","modified_gmt":"2018-09-04T05:29:02","slug":"yamuna-face-ball","status":"publish","type":"page","link":"https:\/\/jania.org\/web\/body-rolling-ybr\/yamuna-face-ball\/","title":{"rendered":"Yamuna\u00ae Face Ball"},"content":{"rendered":"<h2>YAMUNA\u00ae FACE BALL. C\u00d3MO BORRAR LOS EFECTOS DEL ESTR\u00c9S EN LA CARA<\/h2>\n<p>Cuando el <strong>estr\u00e9s<\/strong> impacta en nuestro rostro, afecta especialmente a nuestra piel, mand\u00edbula, ojos, labios, cuello\u2026 Si tomamos conciencia de cu\u00e1les son los patrones predominantes de tensi\u00f3n a los que est\u00e1 sometida nuestra cara (fruncir el ce\u00f1o, arquear las cejas, apretar los labios o los dientes, etc) podemos darnos cuenta c\u00f3mo afectan esos movimientos inconscientes a la cara y al cr\u00e1neo, provocando el <strong>envejecimiento y las arrugas<\/strong>.<\/p>\n<p>Adem\u00e1s, con la edad el hueso disminuye su tama\u00f1o, se \u201cencoge\u201d, la piel se adhiere y se hunde alrededor de \u00e9l.<\/p>\n<p><strong> Yamuna\u00ae Face Ball ofrece una soluci\u00f3n activa contra los efectos del estr\u00e9s repetitivo y la tensi\u00f3n mantenida, mediante la estimulaci\u00f3n y la alineaci\u00f3n de los huesos, la activaci\u00f3n de los m\u00fasculos, el aumento de la circulaci\u00f3n y del tono en la cara.<\/strong><\/p>\n<p>Cuanto m\u00e1s directamente estimulamos los huesos faciales, m\u00e1s prevenimos la p\u00e9rdida del hueso; ayudando, adem\u00e1s, a mantener los huesos alineados y levantados, as\u00ed como los m\u00fasculos mejor unidos al tejido conectivo y al hueso. <\/p>\n<p><strong>Con YFB puedes mantener tu frente levantada, las \u00f3rbitas de tus ojos abiertas, suavizar las arrugas y evitar que se formen nuevas.<\/strong><\/p>\n<p>Al estimular el hueso, tambi\u00e9n estimulamos el m\u00fasculo, lo que a su vez estimula la piel, lo que conseguimos es aumentar la circulaci\u00f3n sangu\u00ednea en las tres capas, de manera que las c\u00e9lulas comienzan a trabajar en lugar de atrofiarse y <strong>se previenen las arrugas<\/strong>.<\/p>\n<h2>RESOLVER PROBLEMAS EN LA MAND\u00cdBULA (ATM)<\/h2>\n<p>La compresi\u00f3n de la articulaci\u00f3n al <strong>apretar los dientes y bloquear la mand\u00edbula<\/strong> durante el sue\u00f1o termina provocando de forma inconsciente toda clase de problemas en el resto del cuerpo, ya que la ATM es una articulaci\u00f3n maestra que regula el nivel de tensi\u00f3n general en todas las otras articulaciones del cuerpo, especialmente de la cadera y los hombros.<\/p>\n<p><strong>Con esta t\u00e9cnica se adquieren conocimientos muy concretos para poner fin a apretar o rechinar los dientes, aprender a quitar el impacto y la tensi\u00f3n de los dientes, las enc\u00edas y la mand\u00edbula; a trabajar todos los m\u00fasculos relacionados con la cara, el cr\u00e1neo, el cuello y la mand\u00edbula, ayudando a solucionar este inc\u00f3modo problema.<\/strong><\/p>\n<p>El trabajo de YFB se realiza con la ayuda de <strong>dos pelotas<\/strong> de textura muy suave: la m\u00e1s peque\u00f1a se va deslizando por el rostro dando movilidad a todos los huesos de la cara y el cr\u00e1neo; la m\u00e1s grande la utilizamos como soporte en la base del cr\u00e1neo para mantener estirada la columna cervical y tambi\u00e9n nos sirve para realizar ejercicios en el cuello que completan el trabajo efectuado sobre el rostro.<\/p>\n<p>Al finalizar una sesi\u00f3n completa, la piel est\u00e1 m\u00e1s brillante, m\u00e1s llena y m\u00e1s turgente, porque los huesos se han activado y la piel se rellena, se engrosa, volvi\u00e9ndose m\u00e1s tersa debido al aumento de su circulaci\u00f3n. Con YFB puedes mantener tu frente levantada, las \u00f3rbitas de tus ojos abiertas, suavizar las arrugas y evitar que se formen nuevas.<\/p>\n","protected":false},"excerpt":{"rendered":"<p>YAMUNA\u00ae FACE BALL. C\u00d3MO BORRAR LOS EFECTOS DEL ESTR\u00c9S EN LA CARA Cuando el estr\u00e9s impacta en nuestro rostro, afecta especialmente a nuestra piel, mand\u00edbula, ojos, labios, cuello\u2026 Si tomamos conciencia de cu\u00e1les son los patrones predominantes de tensi\u00f3n a los que est\u00e1 sometida nuestra cara (fruncir el ce\u00f1o, arquear las cejas, apretar los labios o los dientes, etc) podemos darnos cuenta c\u00f3mo afectan esos movimientos inconscientes a la cara y al cr\u00e1neo, provocando el envejecimiento y las arrugas. Adem\u00e1s, con la edad el hueso disminuye su tama\u00f1o, se \u201cencoge\u201d, la piel se adhiere y se hunde alrededor de \u00e9l. [&hellip;]<\/p>\n","protected":false},"author":1,"featured_media":2232,"parent":2199,"menu_order":0,"comment_status":"closed","ping_status":"closed","template":"","meta":{"footnotes":""},"class_list":["post-2219","page","type-page","status-publish","has-post-thumbnail","hentry"],"yoast_head":"<!-- This site is optimized with the Yoast SEO plugin v15.4 - https:\/\/yoast.com\/wordpress\/plugins\/seo\/ -->\n<meta name=\"robots\" content=\"index, follow, max-snippet:-1, max-image-preview:large, max-video-preview:-1\" \/>\n<link rel=\"canonical\" href=\"https:\/\/jania.org\/web\/body-rolling-ybr\/yamuna-face-ball\/\" \/>\n<meta property=\"og:locale\" content=\"es_ES\" \/>\n<meta property=\"og:type\" content=\"article\" \/>\n<meta property=\"og:title\" content=\"Yamuna\u00ae Face Ball - Jania - Sistema de centros de Energ\u00eda\" \/>\n<meta property=\"og:description\" content=\"YAMUNA\u00ae FACE BALL. C\u00d3MO BORRAR LOS EFECTOS DEL ESTR\u00c9S EN LA CARA Cuando el estr\u00e9s impacta en nuestro rostro, afecta especialmente a nuestra piel, mand\u00edbula, ojos, labios, cuello\u2026 Si tomamos conciencia de cu\u00e1les son los patrones predominantes de tensi\u00f3n a los que est\u00e1 sometida nuestra cara (fruncir el ce\u00f1o, arquear las cejas, apretar los labios o los dientes, etc) podemos darnos cuenta c\u00f3mo afectan esos movimientos inconscientes a la cara y al cr\u00e1neo, provocando el envejecimiento y las arrugas. Adem\u00e1s, con la edad el hueso disminuye su tama\u00f1o, se \u201cencoge\u201d, la piel se adhiere y se hunde alrededor de \u00e9l. [&hellip;]\" \/>\n<meta property=\"og:url\" content=\"https:\/\/jania.org\/web\/body-rolling-ybr\/yamuna-face-ball\/\" \/>\n<meta property=\"og:site_name\" content=\"Jania - Sistema de centros de Energ\u00eda\" \/>\n<meta property=\"article:modified_time\" content=\"2018-09-04T05:29:02+00:00\" \/>\n<meta property=\"og:image\" content=\"https:\/\/jania.org\/web\/wp-content\/uploads\/2018\/09\/yamuna-faceball.jpg\" \/>\n\t<meta property=\"og:image:width\" content=\"1024\" \/>\n\t<meta property=\"og:image:height\" content=\"588\" \/>\n<meta name=\"twitter:label1\" content=\"Escrito por\">\n\t<meta name=\"twitter:data1\" content=\"Ainhoa\">\n\t<meta name=\"twitter:label2\" content=\"Tiempo de lectura\">\n\t<meta name=\"twitter:data2\" content=\"2 minutos\">\n<script type=\"application\/ld+json\" class=\"yoast-schema-graph\">{\"@context\":\"https:\/\/schema.org\",\"@graph\":[{\"@type\":\"WebSite\",\"@id\":\"https:\/\/jania.org\/web\/#website\",\"url\":\"https:\/\/jania.org\/web\/\",\"name\":\"Jania - Sistema de centros de Energ\\u00eda\",\"description\":\"Sistema de centros de Energ\\u00eda - Din\\u00e1micas corporales\",\"potentialAction\":[{\"@type\":\"SearchAction\",\"target\":\"https:\/\/jania.org\/web\/?s={search_term_string}\",\"query-input\":\"required name=search_term_string\"}],\"inLanguage\":\"es\"},{\"@type\":\"ImageObject\",\"@id\":\"https:\/\/jania.org\/web\/body-rolling-ybr\/yamuna-face-ball\/#primaryimage\",\"inLanguage\":\"es\",\"url\":\"https:\/\/jania.org\/web\/wp-content\/uploads\/2018\/09\/yamuna-faceball.jpg\",\"width\":1024,\"height\":588},{\"@type\":\"WebPage\",\"@id\":\"https:\/\/jania.org\/web\/body-rolling-ybr\/yamuna-face-ball\/#webpage\",\"url\":\"https:\/\/jania.org\/web\/body-rolling-ybr\/yamuna-face-ball\/\",\"name\":\"Yamuna\\u00ae Face Ball - Jania - Sistema de centros de Energ\\u00eda\",\"isPartOf\":{\"@id\":\"https:\/\/jania.org\/web\/#website\"},\"primaryImageOfPage\":{\"@id\":\"https:\/\/jania.org\/web\/body-rolling-ybr\/yamuna-face-ball\/#primaryimage\"},\"datePublished\":\"2018-09-04T01:44:00+00:00\",\"dateModified\":\"2018-09-04T05:29:02+00:00\",\"inLanguage\":\"es\",\"potentialAction\":[{\"@type\":\"ReadAction\",\"target\":[\"https:\/\/jania.org\/web\/body-rolling-ybr\/yamuna-face-ball\/\"]}]}]}<\/script>\n<!-- \/ Yoast SEO plugin. -->","_links":{"self":[{"href":"https:\/\/jania.org\/web\/wp-json\/wp\/v2\/pages\/2219","targetHints":{"allow":["GET"]}}],"collection":[{"href":"https:\/\/jania.org\/web\/wp-json\/wp\/v2\/pages"}],"about":[{"href":"https:\/\/jania.org\/web\/wp-json\/wp\/v2\/types\/page"}],"author":[{"embeddable":true,"href":"https:\/\/jania.org\/web\/wp-json\/wp\/v2\/users\/1"}],"replies":[{"embeddable":true,"href":"https:\/\/jania.org\/web\/wp-json\/wp\/v2\/comments?post=2219"}],"version-history":[{"count":3,"href":"https:\/\/jania.org\/web\/wp-json\/wp\/v2\/pages\/2219\/revisions"}],"predecessor-version":[{"id":2234,"href":"https:\/\/jania.org\/web\/wp-json\/wp\/v2\/pages\/2219\/revisions\/2234"}],"up":[{"embeddable":true,"href":"https:\/\/jania.org\/web\/wp-json\/wp\/v2\/pages\/2199"}],"wp:featuredmedia":[{"embeddable":true,"href":"https:\/\/jania.org\/web\/wp-json\/wp\/v2\/media\/2232"}],"wp:attachment":[{"href":"https:\/\/jania.org\/web\/wp-json\/wp\/v2\/media?parent=2219"}],"curies":[{"name":"wp","href":"https:\/\/api.w.org\/{rel}","templated":true}]}}