{"id":2539,"date":"2019-05-03T13:15:00","date_gmt":"2019-05-03T11:15:00","guid":{"rendered":"https:\/\/jania.org\/web\/?page_id=2539"},"modified":"2020-11-02T20:15:11","modified_gmt":"2020-11-02T18:15:11","slug":"feldenkrais-y-abdominales-sin-riesgo","status":"publish","type":"page","link":"https:\/\/jania.org\/web\/actividades\/feldenkrais-y-abdominales-sin-riesgo\/","title":{"rendered":"Feldenkrais y Abdominales sin riesgo"},"content":{"rendered":"<p>El<strong> M\u00e9todo Feldenkrais \u00ae<\/strong> es una t\u00e9cnica de educaci\u00f3n som\u00e1tica y movimiento corporal, que te ayuda a cambiar de manera efectiva la forma en que te mueves, y a mejorar tus h\u00e1bitos posturales.<\/p>\n<p>Los ejercicios est\u00e1n dise\u00f1ados para crear una colaboraci\u00f3n fluida entre los sistemas musculares y esquel\u00e9ticos; un movimiento m\u00e1s h\u00e1bil y organizado. Restableciendo la coordinaci\u00f3n, el equilibrio, la flexibilidad y la orientaci\u00f3n espacial, as\u00ed como la capacidad para moverse sin fatiga, esfuerzo o dolor. Reduciendo la rigidez y regulando el tono muscular predominante, para mejorar la postura y la respiraci\u00f3n.<\/p>\n<p>La pr\u00e1ctica regular del M\u00e9todo Feldenkrais \u00ae permite prevenir tensiones y bloqueos innecesarios, dolores y falta de vitalidad. Sus secuencias de movimientos suaves, lentos y cuidadosos ampl\u00edan extraordinariamente la conciencia corporal, mejoran las habilidades motrices y facilitan el descubrimiento de la propia forma de moverse.<\/p>\n<p>M\u00e9todo <strong>Abdominales sin riesgo \u00ae<\/strong>. Una progresi\u00f3n de movimientos (no de posturas) que alterna el estiramiento y la contracci\u00f3n de los m\u00fasculos. Favorece el deslizamiento entre las capas abdominales, mejorando su flexibilidad.<\/p>\n<p>Una manera totalmente nueva de trabajar el core: Evitando presiones sobre el suelo p\u00e9lvico y la pared abdominal. Buscando la coordinaci\u00f3n entre los abdominales y los m\u00fasculos contiguos, opuestos y complementarios.<\/p>\n<p>Un repertorio de movimientos que se dirige a todo el cuerpo, pues se considera a los abdominales como los grandes m\u00fasculos de uni\u00f3n entre la parte alta y la parte baja del cuerpo<\/p>\n<div class=\"alert yellow\"><p><strong>Jose Luis Rebollo<\/strong><\/p>\n<p>Tfno: 630 057 844<\/p>\n<p><strong>HORARIOS<\/strong><br \/>\n<strong>LUNES:<\/strong> De 17:15 a 18:15<br \/>\n<strong>MI\u00c9RCOLES:<\/strong> De 17:00 a 18:00<br \/>\n<\/p><\/div>\n<p>&nbsp;<\/p>\n<p style=\"text-align: center;\"><a class=\"descargar-horarios\" href=\"https:\/\/jania.org\/web\/wp-content\/pdf\/horarios2020-2021.pdf\" target=\"blank\" rel=\"noopener noreferrer\">Ver horarios <\/a><\/p>\n<p>&nbsp;<\/p>\n","protected":false},"excerpt":{"rendered":"<p>El M\u00e9todo Feldenkrais \u00ae es una t\u00e9cnica de educaci\u00f3n som\u00e1tica y movimiento corporal, que te ayuda a cambiar de manera efectiva la forma en que te mueves, y a mejorar tus h\u00e1bitos posturales. Los ejercicios est\u00e1n dise\u00f1ados para crear una colaboraci\u00f3n fluida entre los sistemas musculares y esquel\u00e9ticos; un movimiento m\u00e1s h\u00e1bil y organizado. Restableciendo la coordinaci\u00f3n, el equilibrio, la flexibilidad y la orientaci\u00f3n espacial, as\u00ed como la capacidad para moverse sin fatiga, esfuerzo o dolor. Reduciendo la rigidez y regulando el tono muscular predominante, para mejorar la postura y la respiraci\u00f3n. La pr\u00e1ctica regular del M\u00e9todo Feldenkrais \u00ae permite [&hellip;]<\/p>\n","protected":false},"author":1,"featured_media":591,"parent":42,"menu_order":0,"comment_status":"closed","ping_status":"closed","template":"","meta":{"footnotes":""},"class_list":["post-2539","page","type-page","status-publish","has-post-thumbnail","hentry"],"yoast_head":"<!-- This site is optimized with the Yoast SEO plugin v15.4 - https:\/\/yoast.com\/wordpress\/plugins\/seo\/ -->\n<meta name=\"description\" content=\"Feldenkrais y abdominales sin riesgo, estiramientos conciencia mejorar postura y respiracion, aumentar flexibilidad Bilbao Bizkaia\" \/>\n<meta name=\"robots\" content=\"index, follow, max-snippet:-1, max-image-preview:large, max-video-preview:-1\" \/>\n<link rel=\"canonical\" href=\"https:\/\/jania.org\/web\/actividades\/feldenkrais-y-abdominales-sin-riesgo\/\" \/>\n<meta property=\"og:locale\" content=\"es_ES\" \/>\n<meta property=\"og:type\" content=\"article\" \/>\n<meta property=\"og:title\" content=\"Feldenkrais y Abdominales sin riesgo - Jania - Sistema de centros de Energ\u00eda\" \/>\n<meta property=\"og:description\" content=\"Feldenkrais y abdominales sin riesgo, estiramientos conciencia mejorar postura y respiracion, aumentar flexibilidad Bilbao Bizkaia\" \/>\n<meta property=\"og:url\" content=\"https:\/\/jania.org\/web\/actividades\/feldenkrais-y-abdominales-sin-riesgo\/\" \/>\n<meta property=\"og:site_name\" content=\"Jania - Sistema de centros de Energ\u00eda\" \/>\n<meta property=\"article:modified_time\" content=\"2020-11-02T18:15:11+00:00\" \/>\n<meta property=\"og:image\" content=\"https:\/\/jania.org\/web\/wp-content\/uploads\/2015\/09\/feldenkrais1.jpg\" \/>\n\t<meta property=\"og:image:width\" content=\"920\" \/>\n\t<meta property=\"og:image:height\" content=\"613\" \/>\n<meta name=\"twitter:label1\" content=\"Escrito por\">\n\t<meta name=\"twitter:data1\" content=\"Ainhoa\">\n\t<meta name=\"twitter:label2\" content=\"Tiempo de lectura\">\n\t<meta name=\"twitter:data2\" content=\"1 minuto\">\n<script type=\"application\/ld+json\" class=\"yoast-schema-graph\">{\"@context\":\"https:\/\/schema.org\",\"@graph\":[{\"@type\":\"WebSite\",\"@id\":\"https:\/\/jania.org\/web\/#website\",\"url\":\"https:\/\/jania.org\/web\/\",\"name\":\"Jania - Sistema de centros de Energ\\u00eda\",\"description\":\"Sistema de centros de Energ\\u00eda - Din\\u00e1micas corporales\",\"potentialAction\":[{\"@type\":\"SearchAction\",\"target\":\"https:\/\/jania.org\/web\/?s={search_term_string}\",\"query-input\":\"required name=search_term_string\"}],\"inLanguage\":\"es\"},{\"@type\":\"ImageObject\",\"@id\":\"https:\/\/jania.org\/web\/actividades\/feldenkrais-y-abdominales-sin-riesgo\/#primaryimage\",\"inLanguage\":\"es\",\"url\":\"https:\/\/jania.org\/web\/wp-content\/uploads\/2015\/09\/feldenkrais1.jpg\",\"width\":920,\"height\":613,\"caption\":\"feldenkrais\"},{\"@type\":\"WebPage\",\"@id\":\"https:\/\/jania.org\/web\/actividades\/feldenkrais-y-abdominales-sin-riesgo\/#webpage\",\"url\":\"https:\/\/jania.org\/web\/actividades\/feldenkrais-y-abdominales-sin-riesgo\/\",\"name\":\"Feldenkrais y Abdominales sin riesgo - Jania - Sistema de centros de Energ\\u00eda\",\"isPartOf\":{\"@id\":\"https:\/\/jania.org\/web\/#website\"},\"primaryImageOfPage\":{\"@id\":\"https:\/\/jania.org\/web\/actividades\/feldenkrais-y-abdominales-sin-riesgo\/#primaryimage\"},\"datePublished\":\"2019-05-03T11:15:00+00:00\",\"dateModified\":\"2020-11-02T18:15:11+00:00\",\"description\":\"Feldenkrais y abdominales sin riesgo, estiramientos conciencia mejorar postura y respiracion, aumentar flexibilidad Bilbao Bizkaia\",\"inLanguage\":\"es\",\"potentialAction\":[{\"@type\":\"ReadAction\",\"target\":[\"https:\/\/jania.org\/web\/actividades\/feldenkrais-y-abdominales-sin-riesgo\/\"]}]}]}<\/script>\n<!-- \/ Yoast SEO plugin. -->","_links":{"self":[{"href":"https:\/\/jania.org\/web\/wp-json\/wp\/v2\/pages\/2539","targetHints":{"allow":["GET"]}}],"collection":[{"href":"https:\/\/jania.org\/web\/wp-json\/wp\/v2\/pages"}],"about":[{"href":"https:\/\/jania.org\/web\/wp-json\/wp\/v2\/types\/page"}],"author":[{"embeddable":true,"href":"https:\/\/jania.org\/web\/wp-json\/wp\/v2\/users\/1"}],"replies":[{"embeddable":true,"href":"https:\/\/jania.org\/web\/wp-json\/wp\/v2\/comments?post=2539"}],"version-history":[{"count":6,"href":"https:\/\/jania.org\/web\/wp-json\/wp\/v2\/pages\/2539\/revisions"}],"predecessor-version":[{"id":2959,"href":"https:\/\/jania.org\/web\/wp-json\/wp\/v2\/pages\/2539\/revisions\/2959"}],"up":[{"embeddable":true,"href":"https:\/\/jania.org\/web\/wp-json\/wp\/v2\/pages\/42"}],"wp:featuredmedia":[{"embeddable":true,"href":"https:\/\/jania.org\/web\/wp-json\/wp\/v2\/media\/591"}],"wp:attachment":[{"href":"https:\/\/jania.org\/web\/wp-json\/wp\/v2\/media?parent=2539"}],"curies":[{"name":"wp","href":"https:\/\/api.w.org\/{rel}","templated":true}]}}