{"id":2636,"date":"2019-09-24T22:51:48","date_gmt":"2019-09-24T20:51:48","guid":{"rendered":"https:\/\/jania.org\/web\/?page_id=2636"},"modified":"2019-09-24T22:54:24","modified_gmt":"2019-09-24T20:54:24","slug":"masaje-para-embarazadas","status":"publish","type":"page","link":"https:\/\/jania.org\/web\/sesiones-individuales\/masaje-para-embarazadas\/","title":{"rendered":"Masaje para Embarazadas"},"content":{"rendered":"<p>El bienestar de la madre es el bienestar del beb\u00e9, por eso ofrecemos nuestros masajes a mujeres embarazadas.<\/p>\n<p>Para cuidar la\u00a0<strong>circulaci\u00f3n<\/strong>\u00a0y las\u00a0<strong>piernas<\/strong>\u00a0que tanto sostienen.<\/p>\n<p>Para aliviar los tejidos que se van adaptando al crecimiento del vientre. Para dar un\u00a0<strong>espacio<\/strong>\u00a0de\u00a0<strong>descanso<\/strong>\u00a0y de\u00a0<strong>cuidado<\/strong>\u00a0en el que poder estar recogida y conectada con el beb\u00e9.<\/p>\n<p>Y en caso de dolencias, para equilibrar el cuerpo y ayudar a que el proceso sea m\u00e1s arm\u00f3nico y llevadero.<br \/>\n&nbsp;<br \/>\n<div class=\"alert yellow\"><p><strong>Kiera Lokko<\/strong><br \/>\nTfno: 619 88 42 01<br \/>\nEmail: kieralokko@hotmail.com<br \/>\n<\/p><\/div><\/p>\n","protected":false},"excerpt":{"rendered":"<p>El bienestar de la madre es el bienestar del beb\u00e9, por eso ofrecemos nuestros masajes a mujeres embarazadas. Para cuidar la\u00a0circulaci\u00f3n\u00a0y las\u00a0piernas\u00a0que tanto sostienen. Para aliviar los tejidos que se van adaptando al crecimiento del vientre. Para dar un\u00a0espacio\u00a0de\u00a0descanso\u00a0y de\u00a0cuidado\u00a0en el que poder estar recogida y conectada con el beb\u00e9. Y en caso de dolencias, para equilibrar el cuerpo y ayudar a que el proceso sea m\u00e1s arm\u00f3nico y llevadero. &nbsp;<\/p>\n","protected":false},"author":1,"featured_media":2638,"parent":271,"menu_order":0,"comment_status":"closed","ping_status":"closed","template":"","meta":{"footnotes":""},"class_list":["post-2636","page","type-page","status-publish","has-post-thumbnail","hentry"],"yoast_head":"<!-- This site is optimized with the Yoast SEO plugin v15.4 - https:\/\/yoast.com\/wordpress\/plugins\/seo\/ -->\n<meta name=\"robots\" content=\"index, follow, max-snippet:-1, max-image-preview:large, max-video-preview:-1\" \/>\n<link rel=\"canonical\" href=\"https:\/\/jania.org\/web\/sesiones-individuales\/masaje-para-embarazadas\/\" \/>\n<meta property=\"og:locale\" content=\"es_ES\" \/>\n<meta property=\"og:type\" content=\"article\" \/>\n<meta property=\"og:title\" content=\"Masaje para Embarazadas - Jania - Sistema de centros de Energ\u00eda\" \/>\n<meta property=\"og:description\" content=\"El bienestar de la madre es el bienestar del beb\u00e9, por eso ofrecemos nuestros masajes a mujeres embarazadas. Para cuidar la\u00a0circulaci\u00f3n\u00a0y las\u00a0piernas\u00a0que tanto sostienen. Para aliviar los tejidos que se van adaptando al crecimiento del vientre. Para dar un\u00a0espacio\u00a0de\u00a0descanso\u00a0y de\u00a0cuidado\u00a0en el que poder estar recogida y conectada con el beb\u00e9. Y en caso de dolencias, para equilibrar el cuerpo y ayudar a que el proceso sea m\u00e1s arm\u00f3nico y llevadero. &nbsp;\" \/>\n<meta property=\"og:url\" content=\"https:\/\/jania.org\/web\/sesiones-individuales\/masaje-para-embarazadas\/\" \/>\n<meta property=\"og:site_name\" content=\"Jania - Sistema de centros de Energ\u00eda\" \/>\n<meta property=\"article:modified_time\" content=\"2019-09-24T20:54:24+00:00\" \/>\n<meta property=\"og:image\" content=\"https:\/\/jania.org\/web\/wp-content\/uploads\/2019\/09\/masaje-embarazadas.jpg\" \/>\n\t<meta property=\"og:image:width\" content=\"920\" \/>\n\t<meta property=\"og:image:height\" content=\"739\" \/>\n<meta name=\"twitter:label1\" content=\"Escrito por\">\n\t<meta name=\"twitter:data1\" content=\"Ainhoa\">\n\t<meta name=\"twitter:label2\" content=\"Tiempo de lectura\">\n\t<meta name=\"twitter:data2\" content=\"0 minutos\">\n<script type=\"application\/ld+json\" class=\"yoast-schema-graph\">{\"@context\":\"https:\/\/schema.org\",\"@graph\":[{\"@type\":\"WebSite\",\"@id\":\"https:\/\/jania.org\/web\/#website\",\"url\":\"https:\/\/jania.org\/web\/\",\"name\":\"Jania - Sistema de centros de Energ\\u00eda\",\"description\":\"Sistema de centros de Energ\\u00eda - Din\\u00e1micas corporales\",\"potentialAction\":[{\"@type\":\"SearchAction\",\"target\":\"https:\/\/jania.org\/web\/?s={search_term_string}\",\"query-input\":\"required name=search_term_string\"}],\"inLanguage\":\"es\"},{\"@type\":\"ImageObject\",\"@id\":\"https:\/\/jania.org\/web\/sesiones-individuales\/masaje-para-embarazadas\/#primaryimage\",\"inLanguage\":\"es\",\"url\":\"https:\/\/jania.org\/web\/wp-content\/uploads\/2019\/09\/masaje-embarazadas.jpg\",\"width\":920,\"height\":739},{\"@type\":\"WebPage\",\"@id\":\"https:\/\/jania.org\/web\/sesiones-individuales\/masaje-para-embarazadas\/#webpage\",\"url\":\"https:\/\/jania.org\/web\/sesiones-individuales\/masaje-para-embarazadas\/\",\"name\":\"Masaje para Embarazadas - Jania - Sistema de centros de Energ\\u00eda\",\"isPartOf\":{\"@id\":\"https:\/\/jania.org\/web\/#website\"},\"primaryImageOfPage\":{\"@id\":\"https:\/\/jania.org\/web\/sesiones-individuales\/masaje-para-embarazadas\/#primaryimage\"},\"datePublished\":\"2019-09-24T20:51:48+00:00\",\"dateModified\":\"2019-09-24T20:54:24+00:00\",\"inLanguage\":\"es\",\"potentialAction\":[{\"@type\":\"ReadAction\",\"target\":[\"https:\/\/jania.org\/web\/sesiones-individuales\/masaje-para-embarazadas\/\"]}]}]}<\/script>\n<!-- \/ Yoast SEO plugin. -->","_links":{"self":[{"href":"https:\/\/jania.org\/web\/wp-json\/wp\/v2\/pages\/2636","targetHints":{"allow":["GET"]}}],"collection":[{"href":"https:\/\/jania.org\/web\/wp-json\/wp\/v2\/pages"}],"about":[{"href":"https:\/\/jania.org\/web\/wp-json\/wp\/v2\/types\/page"}],"author":[{"embeddable":true,"href":"https:\/\/jania.org\/web\/wp-json\/wp\/v2\/users\/1"}],"replies":[{"embeddable":true,"href":"https:\/\/jania.org\/web\/wp-json\/wp\/v2\/comments?post=2636"}],"version-history":[{"count":1,"href":"https:\/\/jania.org\/web\/wp-json\/wp\/v2\/pages\/2636\/revisions"}],"predecessor-version":[{"id":2637,"href":"https:\/\/jania.org\/web\/wp-json\/wp\/v2\/pages\/2636\/revisions\/2637"}],"up":[{"embeddable":true,"href":"https:\/\/jania.org\/web\/wp-json\/wp\/v2\/pages\/271"}],"wp:featuredmedia":[{"embeddable":true,"href":"https:\/\/jania.org\/web\/wp-json\/wp\/v2\/media\/2638"}],"wp:attachment":[{"href":"https:\/\/jania.org\/web\/wp-json\/wp\/v2\/media?parent=2636"}],"curies":[{"name":"wp","href":"https:\/\/api.w.org\/{rel}","templated":true}]}}