{"id":414,"date":"2015-09-13T04:19:40","date_gmt":"2015-09-13T02:19:40","guid":{"rendered":"https:\/\/jania.org\/web\/?page_id=414"},"modified":"2020-11-02T20:16:02","modified_gmt":"2020-11-02T18:16:02","slug":"movimiento-creativo-para-ninos-y-adultos","status":"publish","type":"page","link":"https:\/\/jania.org\/web\/actividades\/movimiento-creativo-para-ninos-y-adultos\/","title":{"rendered":"Movimiento Creativo para ni\u00f1os y adultos"},"content":{"rendered":"<p>Taller de <strong>expresi\u00f3n y educaci\u00f3n creadora<\/strong> para ni\u00f1os, adolescentes y adultos.<br \/>\nEn este taller las posibilidades de investigaci\u00f3n se refieren al <strong>espacio<\/strong>, el <strong>cuerpo<\/strong>, el <strong>movimiento<\/strong> y la <strong>m\u00fasica<\/strong>. Se utilizan telas de diferentes calidades, tama\u00f1os, pesos y texturas, como material de trabajo.<\/p>\n<p>&nbsp;<\/p>\n<div class=\"alert yellow\"><p><strong>Vega Mart\u00edn<\/strong><\/p>\n<p>Tfno: 630 52 11 58<br \/>\nEmail: info@dirayaexpresion.es<br \/>\n<a href=\"http:\/\/www.dirayaexpresion.es\" target=\"_blank\" rel=\"noopener noreferrer\">www.dirayaexpresion.es<\/a><br \/>\n&nbsp;<br \/>\n<strong>HORARIOS<\/strong><br \/>\n<strong>JUEVES:<\/strong> De 17:30 a 19:00<br \/>\n<\/p><\/div>\n<p>&nbsp;<\/p>\n<p style=\"text-align: center;\"><a class=\"descargar-horarios\" href=\"https:\/\/jania.org\/web\/wp-content\/pdf\/horarios2020-2021.pdf\" target=\"blank\" rel=\"noopener noreferrer\">Ver horarios <\/a><\/p>\n<p>&nbsp;<\/p>\n","protected":false},"excerpt":{"rendered":"<p>Taller de expresi\u00f3n y educaci\u00f3n creadora para ni\u00f1os, adolescentes y adultos. En este taller las posibilidades de investigaci\u00f3n se refieren al espacio, el cuerpo, el movimiento y la m\u00fasica. Se utilizan telas de diferentes calidades, tama\u00f1os, pesos y texturas, como material de trabajo. &nbsp; &nbsp; Ver horarios &nbsp;<\/p>\n","protected":false},"author":1,"featured_media":493,"parent":42,"menu_order":0,"comment_status":"closed","ping_status":"closed","template":"","meta":{"footnotes":""},"class_list":["post-414","page","type-page","status-publish","has-post-thumbnail","hentry"],"yoast_head":"<!-- This site is optimized with the Yoast SEO plugin v15.4 - https:\/\/yoast.com\/wordpress\/plugins\/seo\/ -->\n<meta name=\"robots\" content=\"index, follow, max-snippet:-1, max-image-preview:large, max-video-preview:-1\" \/>\n<link rel=\"canonical\" href=\"https:\/\/jania.org\/web\/actividades\/movimiento-creativo-para-ninos-y-adultos\/\" \/>\n<meta property=\"og:locale\" content=\"es_ES\" \/>\n<meta property=\"og:type\" content=\"article\" \/>\n<meta property=\"og:title\" content=\"Movimiento Creativo para ni\u00f1os y adultos - Jania - Sistema de centros de Energ\u00eda\" \/>\n<meta property=\"og:description\" content=\"Taller de expresi\u00f3n y educaci\u00f3n creadora para ni\u00f1os, adolescentes y adultos. En este taller las posibilidades de investigaci\u00f3n se refieren al espacio, el cuerpo, el movimiento y la m\u00fasica. Se utilizan telas de diferentes calidades, tama\u00f1os, pesos y texturas, como material de trabajo. &nbsp; &nbsp; Ver horarios &nbsp;\" \/>\n<meta property=\"og:url\" content=\"https:\/\/jania.org\/web\/actividades\/movimiento-creativo-para-ninos-y-adultos\/\" \/>\n<meta property=\"og:site_name\" content=\"Jania - Sistema de centros de Energ\u00eda\" \/>\n<meta property=\"article:modified_time\" content=\"2020-11-02T18:16:02+00:00\" \/>\n<meta property=\"og:image\" content=\"https:\/\/jania.org\/web\/wp-content\/uploads\/2015\/09\/movimiento-creativo.jpg\" \/>\n\t<meta property=\"og:image:width\" content=\"920\" \/>\n\t<meta property=\"og:image:height\" content=\"350\" \/>\n<meta name=\"twitter:label1\" content=\"Escrito por\">\n\t<meta name=\"twitter:data1\" content=\"Ainhoa\">\n\t<meta name=\"twitter:label2\" content=\"Tiempo de lectura\">\n\t<meta name=\"twitter:data2\" content=\"0 minutos\">\n<script type=\"application\/ld+json\" class=\"yoast-schema-graph\">{\"@context\":\"https:\/\/schema.org\",\"@graph\":[{\"@type\":\"WebSite\",\"@id\":\"https:\/\/jania.org\/web\/#website\",\"url\":\"https:\/\/jania.org\/web\/\",\"name\":\"Jania - Sistema de centros de Energ\\u00eda\",\"description\":\"Sistema de centros de Energ\\u00eda - Din\\u00e1micas corporales\",\"potentialAction\":[{\"@type\":\"SearchAction\",\"target\":\"https:\/\/jania.org\/web\/?s={search_term_string}\",\"query-input\":\"required name=search_term_string\"}],\"inLanguage\":\"es\"},{\"@type\":\"ImageObject\",\"@id\":\"https:\/\/jania.org\/web\/actividades\/movimiento-creativo-para-ninos-y-adultos\/#primaryimage\",\"inLanguage\":\"es\",\"url\":\"https:\/\/jania.org\/web\/wp-content\/uploads\/2015\/09\/movimiento-creativo.jpg\",\"width\":920,\"height\":350,\"caption\":\"movimiento creativo para ni\\u00f1os y adultos\"},{\"@type\":\"WebPage\",\"@id\":\"https:\/\/jania.org\/web\/actividades\/movimiento-creativo-para-ninos-y-adultos\/#webpage\",\"url\":\"https:\/\/jania.org\/web\/actividades\/movimiento-creativo-para-ninos-y-adultos\/\",\"name\":\"Movimiento Creativo para ni\\u00f1os y adultos - Jania - Sistema de centros de Energ\\u00eda\",\"isPartOf\":{\"@id\":\"https:\/\/jania.org\/web\/#website\"},\"primaryImageOfPage\":{\"@id\":\"https:\/\/jania.org\/web\/actividades\/movimiento-creativo-para-ninos-y-adultos\/#primaryimage\"},\"datePublished\":\"2015-09-13T02:19:40+00:00\",\"dateModified\":\"2020-11-02T18:16:02+00:00\",\"inLanguage\":\"es\",\"potentialAction\":[{\"@type\":\"ReadAction\",\"target\":[\"https:\/\/jania.org\/web\/actividades\/movimiento-creativo-para-ninos-y-adultos\/\"]}]}]}<\/script>\n<!-- \/ Yoast SEO plugin. -->","_links":{"self":[{"href":"https:\/\/jania.org\/web\/wp-json\/wp\/v2\/pages\/414","targetHints":{"allow":["GET"]}}],"collection":[{"href":"https:\/\/jania.org\/web\/wp-json\/wp\/v2\/pages"}],"about":[{"href":"https:\/\/jania.org\/web\/wp-json\/wp\/v2\/types\/page"}],"author":[{"embeddable":true,"href":"https:\/\/jania.org\/web\/wp-json\/wp\/v2\/users\/1"}],"replies":[{"embeddable":true,"href":"https:\/\/jania.org\/web\/wp-json\/wp\/v2\/comments?post=414"}],"version-history":[{"count":11,"href":"https:\/\/jania.org\/web\/wp-json\/wp\/v2\/pages\/414\/revisions"}],"predecessor-version":[{"id":2960,"href":"https:\/\/jania.org\/web\/wp-json\/wp\/v2\/pages\/414\/revisions\/2960"}],"up":[{"embeddable":true,"href":"https:\/\/jania.org\/web\/wp-json\/wp\/v2\/pages\/42"}],"wp:featuredmedia":[{"embeddable":true,"href":"https:\/\/jania.org\/web\/wp-json\/wp\/v2\/media\/493"}],"wp:attachment":[{"href":"https:\/\/jania.org\/web\/wp-json\/wp\/v2\/media?parent=414"}],"curies":[{"name":"wp","href":"https:\/\/api.w.org\/{rel}","templated":true}]}}